 + (-18)/(-63) is divided by 42.
40
Calculate the remainder when 4585 is divided by 13/26*9*(-66)/(-9).
31
Let c be (314 - 1)*(-4 - -5). Suppose 5*m - c = -3*s, 0 = -s - 5*m + 70 + 41. Calculate the remainder when s is divided by 41.
19
Suppose 6 = -7*m - 22. What is the remainder when 20 is divided by 4 - (0 + (m - 4))?
8
Suppose -9*h - 32 + 167 = 0. Suppose -v + 96 = -h. Calculate the remainder when v is divided by 33.
12
Let r = -43139 - -43153. Let v = 3 - 0. Suppose 9 = v*g - 6. What is the remainder when r is divided by g?
4
Let r(m) = 388*m - 962. Calculate the remainder when r(4) is divided by 9.
5
Let u(z) = -z**3 + 9*z**2 + 57*z - 17. Calculate the remainder when 2572 is divided by u(-5).
28
Suppose -352*i + 342*i = -390. What is the remainder when 777 is divided by i?
36
Suppose 0 = -4*o - 12, -60 = -5*l - 91*o + 86*o. Suppose 3*h - 47 + 131 = 3*q, q - 3*h = 32. What is the remainder when q is divided by l?
11
Let a(d) = 6*d + 2850. Calculate the remainder when a(22) is divided by 46.
38
Let n = 1313 - 1248. What is the remainder when 121 is divided by n?
56
Suppose 0 = -2*x - t + 3 + 5, -20 = -5*x + 3*t. Let r be ((-266)/(-57))/(7/((-42)/(-4))). Suppose 79 = r*b + 9. What is the remainder when b is divided by x?
2
Let h(d) be the second derivative of -41*d**3/6 - 177*d**2/2 + d + 2. Calculate the remainder when 557 is divided by h(-5).
25
Suppose -3*l + 108 = -4*p, 0 = -l - 2*p - 13 + 39. Let r(u) = -2*u**3 + 64*u**2 + 5. Calculate the remainder when 20 is divided by r(l).
0
Let d be 2 - -87*4/(-12). Let g = -25 - d. Suppose -2*m + 304 = g*m. Calculate the remainder when m is divided by 13.
11
Let q = -39939 - -39970. Suppose -3*h + 53 = r, 2*h + 2*r - 68 = -2*h. Calculate the remainder when q is divided by h.
12
Let n = -235 - -461. Let k = 35533 + -35462. Calculate the remainder when n is divided by k.
13
Let p(l) = -3*l**2 + 9. Let d = -1 + 5. Let i be p(d). Let b = i - -51. What is the remainder when 21 is divided by b?
9
Let m = 41 - 43. Calculate the remainder when 68 is divided by 4 - -18 - (-1 - m).
5
Suppose -13672 + 27735 = 28*y - 17045. What is the remainder when y is divided by 70?
61
Suppose -13 = 2*q - 23. Suppose 0*t + 10 = q*t. Suppose 4*s + l - 52 = 17, -t*s + 52 = 4*l. What is the remainder when 59 is divided by s?
11
Let h = 73 - 44. Suppose 3*r + h = 4*r. Calculate the remainder when 548 is divided by r.
26
Suppose -i = 5*y - 6*i - 650, 0 = 2*i - 6. Let u = 408 - 400. Calculate the remainder when y is divided by u.
5
Calculate the remainder when 404/16*(-16)/(-8) + 2/(-4) is divided by 7.
1
Suppose 0 = 2*l - 4*t - 340, 0*t = 5*t - 20. What is the remainder when l is divided by 61 - (4 + (-9)/3)?
58
Let m = -21 - -34. Calculate the remainder when (2 - 1) + 39 + (-484)/121 is divided by m.
10
What is the remainder when (-36)/(-24) + 35063/(-42)*-3 is divided by 12?
10
What is the remainder when (-16)/32*(-153 + -3) is divided by 11?
1
Suppose 18*f - 5*v = 15*f + 433, -3*v = 5*f - 767. What is the remainder when 323 is divided by f?
21
Let b(s) = 41*s**2 - 58*s - 349. What is the remainder when 2915 is divided by b(-5)?
17
Suppose 3*g = 2328*j - 2332*j + 183, 15 = 5*j. What is the remainder when 717 is divided by g?
33
Let q = 4288 - 3839. What is the remainder when q is divided by 157?
135
Calculate the remainder when 389 is divided by (-60)/(-7)*7 + 12.
29
Suppose -48 + 183 = 3*x + 5*r, -4*x + 5*r = -180. Suppose -501*u - 2186 + 5072 = -5631. What is the remainder when x is divided by u?
11
Suppose 32*d - 36*d = -24. Suppose -d*m + 16*m = 740. What is the remainder when m is divided by 7?
4
Suppose 3*b = 5*o + 11, -3*b = 2*o - 0 - 4. Suppose -b*y + 20 = -y. What is the remainder when 73 is divided by y?
13
Let v(i) = -i**2 - 2*i + 8. Let x be v(-3). Suppose -4*c + 77 = 4*t - 103, x*t - 245 = 5*c. Let n(w) = -34*w. What is the remainder when n(-4) is divided by t?
42
Suppose a = -4, 2*a = 4*r + 5*a - 6848. What is the remainder when r is divided by 12?
11
Let i(z) = -z**3 - 10*z**2 - 13*z - 3. What is the remainder when -131*(-7)/(-16 + 23) is divided by i(-9)?
32
Suppose 20 = -q + 6*q. Calculate the remainder when (-3465)/(-119) + 68/(-578) is divided by q.
1
Let k(w) = -3*w**3 - 5*w**2 + w + 11. Suppose 153 = 12*q - 147. Calculate the remainder when q is divided by k(-2).
12
Suppose 18*l - 17*l = 3*f + 2160, -4*l + 5*f = -8626. Calculate the remainder when l is divided by 77.
75
Suppose -81*k - 143 = -92*k. Suppose -k*s - 98 = -15*s. What is the remainder when 195 is divided by s?
48
Let b(o) = o**3 - 24*o**2 + 60*o - 139. What is the remainder when b(29) is divided by 132?
130
Let a = 5701 + -5689. Let p(w) = w**2 + 8*w + 2. What is the remainder when a is divided by p(-8)?
0
Suppose 2*l = 3*r - 144, 5*r + 5*l + 75 - 340 = 0. Let t = r - 39. Calculate the remainder when t is divided by 4.
3
Suppose k - 2*c = -k, 3*k - c = 4. Suppose -k*u = u - 102. What is the remainder when 44 is divided by u?
10
Let l(w) be the first derivative of 7*w**2/2 + 34*w - 146. What is the remainder when l(-4) is divided by 6?
0
What is the remainder when (6/2)/(-27) - 10118*30/(-540) is divided by 61?
13
Let w = 6535 + -6355. Calculate the remainder when 225 is divided by w.
45
Suppose -2*z + 15*y - 15 = 10*y, 4*z + 4*y - 40 = 0. What is the remainder when z/((-75)/10)*-96 is divided by 42?
22
Let o be 3218/6 - (-21)/(-63). Let n = -490 + o. What is the remainder when 88 is divided by n?
42
Let j(x) = -x**3 - 9*x**2 + 10*x - 7. Let m be j(-12). Suppose 6*w - m = -17. Suppose 8*s - w = 80. Calculate the remainder when s is divided by 9.
7
Let j = -1388 - -1441. What is the remainder when 116 is divided by j?
10
Let j = -2651 + 2662. Calculate the remainder when 493 is divided by j.
9
Suppose -3*m - 39 = 3*j - 0*m, -m - 41 = 3*j. Let s be j/(-8)*500/5. Let w = s + -42. Calculate the remainder when w is divided by 34.
31
Calculate the remainder when 841 is divided by 1/(-11 - (-23894)/2171).
6
Let p(v) = -29*v - 287. What is the remainder when p(-51) is divided by 80?
72
Suppose 0 = 7*z - z - 72. Suppose 3*x + l - 15 = 0, 0*x + 5*l = 4*x - 1. Calculate the remainder when ((-36)/(-45))/((z/(-105))/(-2)) is divided by x.
2
Let c(z) = -5*z**3 + 3*z**2 - 2. Let o be c(-1). What is the remainder when 234 is divided by o/5*(15 - 5)?
6
Let t = 10184 + -9843. Calculate the remainder when t is divided by 124.
93
Calculate the remainder when 26 is divided by ((-336)/14)/((-56)/42).
8
Let z = -86 + 185. Suppose 0 = 14*f - 118 - 484. Let o = z - f. Calculate the remainder when o is divided by 15.
11
Suppose 44 = 4*n - 4*g, 0 = -n + 60*g - 58*g + 10. Calculate the remainder when (-2)/10 - 1772/(-10) is divided by n.
9
Suppose -31*c = -17*c + 35*c - 8134. What is the remainder when c is divided by 17?
13
Let t be (-9)/((-378)/(-60))*-49. Let g = 81 - t. Calculate the remainder when 31 is divided by g.
9
Let u = 207 + -16. Let p = u + -170. What is the remainder when 39 is divided by p?
18
Let q = 34490 + -21536. What is the remainder when q is divided by 31?
27
Let w(l) = l**3 - 14*l**2 + 13*l - 35. What is the remainder when w(17) is divided by 31?
30
Let g = -4 - 24. Let c = -27 - g. Calculate the remainder when 26 + 5 + -2 - c is divided by 9.
1
Suppose -2*l + 100 = 4*w, 0 = -l - 0*l - 4*w + 52. Suppose -11*n = -2268 + 211. Calculate the remainder when n is divided by l.
43
Suppose 9*y + 5*w = -y + 400, 3*y + 2*w = 119. What is the remainder when 154 is divided by y?
31
Suppose 26*a = 24*a. Suppose 3*w = a, 3*w + 4 = -4*r + 5*r. Suppose 0 = -3*v + 8 + r. What is the remainder when 5 is divided by v?
1
Let z(m) = 10*m**2 + 5*m - 1. Let l(i) = -i**3 + 14*i**2 + 14*i - 316. Calculate the remainder when z(-4) is divided by l(13).
34
Let c = 9730 - 9738. Let k(f) = f**2 - 1. Let d be k(1). Calculate the remainder when 74 is divided by d - 4/c*22.
8
Let y be ((-6)/(-9)*9)/((-22)/55). What is the remainder when 3/(-36)*y*24 is divided by 18?
12
Calculate the remainder when 766 is divided by -7 + ((-4)/(-20)*215 - 4).
30
Suppose 5*g - 15 = 2*g. Suppose -g*a - 4*o + 4 = 0, a + 4*a = o - 1. Suppose -3*w - 2 + 8 = a, k - 3 = 3*w. What is the remainder when 68 is divided by k?
5
Let r = 2096 - 1282. Suppose r = 7*o + 30*o. Calculate the remainder when 4